ne z(r).
8
Suppose -4*p - 2 + 6 = 0. Let h(l) = 4*l**3 - p + 3*l - 4*l - 4*l**3 - l**2 + l**3. Give h(-1).
-2
Let s = 2/21 - -5/21. Let i(a) be the first derivative of -2 - 5/2*a**2 - 6*a + s*a**3. Determine i(5).
-6
Let u(i) = -4*i - 12 + 6 + 5 + i. Suppose 5*s + w - 23 = 3*w, 0 = -2*s + 4*w + 22. Give u(s).
-10
Let g(w) = -w**3 + 5*w**2 - 3*w + 1. Let z(h) = -h**3 + 11*h**2 + 11*h + 16. Let r = -16 - -28. Let u be z(r). Calculate g(u).
5
Let y(l) = -l**3 + 7*l**2 - 12*l + 4. Let f be y(5). Let n(z) = z**2 + 7*z - 1. Calculate n(f).
-7
Let c be (12/10)/(6/(-20)). Let s(t) = -5 - 3*t**2 + 4*t + 4 + 4*t**2. Let i(u) = 2*u**2 + 8*u - 1. Let x(z) = 3*i(z) - 5*s(z). Calculate x(c).
2
Let g(x) = 12*x + 10*x - 10 - x**2 - 29*x. Calculate g(-6).
-4
Let s(b) = -7*b. Let w be s(-1). Let r be 1 + w/(7/2). Let z(q) = q**2 - 2*q - 1. Calculate z(r).
2
Let o(z) = -7*z**2 - z. Suppose -5*x = 24 - 19. Calculate o(x).
-6
Let j(d) = 0*d**2 - 2*d + 2*d**2 + 2 - 3*d**2. Let n(w) = -w**3 + 5*w**2 - 3*w - 4. Let t be n(3). Suppose 4*l + 12 = 0, 4*l + 30 = -t*x - l. Give j(x).
-1
Let l(s) = s. Let h(q) = 2*q + 1. Let g(k) = h(k) - 3*l(k). Calculate g(9).
-8
Let r(y) = -2*y**2 - 2*y - 2. Let a = -14 - -9. Let d = a + 3. Let j = 0 + d. Determine r(j).
-6
Let c be (-2)/(-18)*(5 + -2). Let k(u) be the first derivative of 2*u**2 + 1 + c*u**3 - u. Determine k(-3).
-4
Let n(s) be the first derivative of -s**2/2 + 14*s - 35. Determine n(12).
2
Let t = -25 + 61. Let g be (-4)/(-6) + 12/t. Let q(z) = -5*z**3 + z**2 - z. Determine q(g).
-5
Let z(u) be the first derivative of -5*u**2/2 + 2*u - 1. Let d(i) = 26*i - 10. Let b(h) = 3*d(h) + 16*z(h). Give b(4).
-6
Suppose 10*n = 8*n. Let f(z) = z**2 + z - 8. Give f(n).
-8
Let n(y) = y**3 + 3*y**2 - 3*y**2 - 5*y**3 - 1. What is n(1)?
-5
Let l(i) = i**3 - 6*i**2 - i + 4. Let r = -10 - -16. Give l(r).
-2
Let r(g) = -2*g + 7. Let z(a) = 2*a**2 + a - 10. Let y be z(-3). Calculate r(y).
-3
Let d(u) = -u - 1. Let c be d(5). Let s(r) = r**2. Let w(h) = -7*h**2 - 7*h - 2. Let v(m) = c*s(m) - w(m). Let x be (-43)/7 - (-1)/7. What is v(x)?
-4
Let v(x) = -6*x**3 + 7*x**2 - 3*x + 4. Let s(p) = 7*p**3 - 8*p**2 + 4*p - 4. Let f(m) = -5*s(m) - 6*v(m). Give f(3).
-1
Let w(x) = 2*x**2 + 17*x + 15. Let p(v) = -v**2 - 9*v - 8. Let z(q) = 7*p(q) + 4*w(q). Let m = 33 + -21. Let g be (-51)/m - 1/(-4). Calculate z(g).
0
Let n(j) = j**3 - 6*j**2 - 7. Let w(c) = c**2 + 2*c - 4. Let z be w(2). Let s(d) = -d**3 + 3*d**2 + 7*d - 6. Let v be s(z). What is n(v)?
-7
Let p(u) = u**3 - u**2 + 1. Let i(k) = 4*k**3 - 8*k**2 + 3*k - 2. Let y(q) = i(q) - 3*p(q). Suppose h - 20 = -4*h. Give y(h).
-9
Suppose 5*n + 15 = -10, -5*n = -4*r + 25. Suppose r = 3*k + k - 20. Let f(x) = -x**2 + 6*x - 5. Calculate f(k).
0
Let k = 13 - 8. Suppose 2*s = w - 10, 26 = k*w + 3*s - 7*s. Let n(t) = w - 3*t - 5*t + t**2 + t**2 + 2*t. Determine n(4).
10
Let v(n) = 3*n - 1. Let z be v(2). Suppose 0*b = 5*b - z. Let c(a) = 1 + b - 5*a + 3*a + 0. Calculate c(4).
-6
Let q(u) = u - 1. Let p(h) = -2*h + 3. Let x(m) = -4*p(m) - 7*q(m). Give x(5).
0
Let u be 0/(-1 - (-2 + 2)). Let c(p) be the second derivative of 0 + 1/6*p**3 + 1/20*p**5 - p**2 + 1/12*p**4 - 2*p. Give c(u).
-2
Let d(f) = 2*f**2 + 126 - 262 + 135. What is d(-1)?
1
Let a(i) be the third derivative of -i**5/60 + i**4/6 - 5*i**2. What is a(4)?
0
Let w be (-6)/12*(2 + -10). Suppose 11 = -w*a - 9. Let q(v) = -2*v + 1. Give q(a).
11
Let f(b) = -2*b + 6. Let x(w) = -w**3 + 4*w**2 + 17*w - 24. Let l be x(6). What is f(l)?
-6
Let w(c) be the second derivative of -c**3/6 - 7*c**2/2 + 2*c. Let q(s) be the first derivative of -s**2/2 - 2*s - 3. Let r be q(2). Calculate w(r).
-3
Let z(l) = l**2 + 3*l - 2. Let w = 1 + -1. Let k be 2 - (-11 - -1) - w. Let m = k + -17. Determine z(m).
8
Let v be 1/(((-2)/6)/1). Let z = -21 - -23. Let k(a) = a - 3 - a**2 + 3*a**z - a**2. What is k(v)?
3
Let q(c) = -2 + 0*c - 3*c + 2*c + 3*c. What is q(4)?
6
Let t(s) = -6 + 0*s**2 - s**2 + 0*s**2 + 6*s. Suppose -3*g - 9 = -2*v - 33, -24 = -3*g - v. Suppose 0*w - g = -2*w. Calculate t(w).
2
Suppose 7*s - 3*s = 20, 0 = -5*j + 3*s - 25. Let f(y) = -y**3 + y - 2*y**3 - 2 + 2*y**3. Give f(j).
4
Let a(p) = -5*p**2 + 6*p + 3. Let b(k) be the second derivative of -k**4/12 - k**2/2 - k. Let t(m) = -a(m) + 4*b(m). What is t(6)?
-7
Let i(m) = -3*m**3 + 12*m**2 - 2*m - 3. Let f(y) = -4*y**3 + 13*y**2 - 3*y - 3. Let r(j) = -2*f(j) + 3*i(j). Give r(10).
-3
Let v(s) be the third derivative of -s**6/120 - s**5/60 - 11*s**3/6 - 2*s**2 - 21*s. Let f be 0*2/(-2*1). Determine v(f).
-11
Let m be (-12)/(-20) + 111/15. Let u(w) = -2*w**2 - 8*w + 7*w**2 + 2*w + m*w - 4 - w**3. What is u(5)?
6
Let g(r) = r**3 - 4*r**2 - 7*r + 7. Let s = -143 + 148. What is g(s)?
-3
Let o(i) = 4*i + 2*i - i + 2 - 4*i. Suppose -4*c = 5*a + c, 0 = 4*c. Suppose -p = 2*r + 10, -p + a*p = -5*r - 18. Calculate o(p).
0
Let o(v) = v - 2. Let k be o(7). Suppose 2*l + k = l. Let z(f) be the second derivative of f**5/20 + f**4/2 + 2*f**3/3 - 2*f**2 + f. Calculate z(l).
1
Let g(b) = -b**2 + 4*b. Let u(f) = 2*f**2 - 8*f. Suppose 0 = r - 5*r - 24. Let z be (-1)/6*-3*r. Let h(s) = z*u(s) - 7*g(s). Give h(4).
0
Let g(y) = -2*y - 3. Let c be g(-3). Suppose 0 = -c*w + 3, b - 4*w + 2 = -4. Let l be ((-7)/b + -3)*0. Let s(n) = -n**2 - n + 8. Calculate s(l).
8
Suppose 2*u = -4*f - 0*u + 18, 0 = f + 2*u. Let s(n) = -n + 12 - 3 - n. Let z be s(f). Let o(k) = k - 1. Calculate o(z).
-4
Let s(k) be the second derivative of k**3/6 + 5*k**2/2 - 3*k. Let n(u) = u + 4. Let z(v) = 3*n(v) - 2*s(v). What is z(-2)?
0
Let z(b) = -2*b - 2. Let j(q) = -q - 1. Let p(s) = -j(s) - z(s). Suppose -3*h + 15 = -5*g, -g = -3*g + 3*h - 6. Give p(g).
-6
Let v(p) be the second derivative of p**7/2520 - 7*p**6/720 + p**5/20 - p**4/6 + p. Let o(h) be the third derivative of v(h). Calculate o(5).
-4
Suppose -2*n - 2*t + 6 + 0 = 0, 2*n - 3 = -5*t. Suppose -2 = -193*i + 191*i. Let o(r) = 1 + i - r - n. What is o(6)?
-8
Let b(o) = -o - 11. Suppose z - 8 = -z. Suppose -14 = -5*v + 11, 3*t - z*v + 5 = 0. Suppose 0*q - 40 = 4*q + 5*s, -5*q - t*s = 45. Calculate b(q).
-6
Let y(m) = -6*m - 1 + 3*m + 0. Let j be y(-1). Suppose 4*o = -3*b + 3*o, -b - j*o = 0. Let p(r) = r - 7. What is p(b)?
-7
Let z(r) = -r**3 + 6*r**2 - 6*r + 3. Let n(o) = -o**2 + 9*o - 5. Let l be n(8). Let d be 4*(6/l + -1). What is z(d)?
11
Suppose 0 = 2*l - 7*l + 25. Suppose 0 = l*j + 4 + 31. Let r(x) = x**3 + 8*x**2 + 8*x + 4. Calculate r(j).
-3
Let d(t) = t + 4. Let r be d(-6). Let g be 1/r*(-60 - 2). Suppose 0 = 3*q - 6, 2*z - 3*q + g = 7*z. Let p(v) = v**3 - 4*v**2 - 5*v - 6. What is p(z)?
-6
Let v = -41/4 + 21/2. Let j(k) be the first derivative of 5/3*k**3 + v*k**4 - 2*k - 3 + 2*k**2. Calculate j(-4).
-2
Let f = -26 + 20. Let n(h) be the second derivative of 1/12*h**4 + h - 1/2*h**2 + 5/6*h**3 + 0. Determine n(f).
5
Let f(v) = -2*v - 5. Suppose 0 = -2*c - 2*y - 2*y - 12, -2*y = -4*c - 14. What is f(c)?
3
Suppose -6 = -4*v + v. Let x(t) = -4*t + v*t - 8 - t + 2*t. Suppose q - 28 = 5*q - z, -4*q + 2*z - 32 = 0. Calculate x(q).
-2
Let x(y) = -y**2 + 9*y - 3. Suppose 3*h - 21 = -p, -3*p - 25 + 4 = -3*h. What is x(h)?
11
Let n be (6/18)/(4/(-12)). Let z(f) = 10*f. Give z(n).
-10
Let c = 5 + -9. Let g be (-22)/(-6) + c/6. Let l(f) = -3*f**2 + f - g*f + 0*f - 4 - 2*f + f**3. What is l(4)?
-4
Suppose -3*w + 0 = 6. Let b be 92/28 - w/(-7). Let a(l) = -l**2 + l - 2. Calculate a(b).
-8
Let g be 2 + -1 + -6 + -1. Let b(i) = 13*i - 15. Let c(p) = 7*p - 8. Let a(z) = g*b(z) + 11*c(z). Suppose 2*x + 2 = -k, -2*k - 3*k + 32 = -4*x. Calculate a(k).
-2
Let n(d) = 10 + d + 6 + 0*d - 10. Give n(-6).
0
Let y(p) be the second derivative of -p**4/12 + 5*p**3/6 - p**2/2 + 3*p. What is y(6)?
-7
Let g = -12 + 14. Let j(k) = 2*k - 2 - g*k - 2*k. Determine j(6).
-14
Let k(n) = 2*n + 7. Let u be k(-5). Let i(h) be the second derivative of -1/20*h**5 + 2*h - 1/6*h**3 + 0 + 0*h**2 - 1/3*h**4. Give i(u).
-6
Let s(f) be the third derivative of -f**6/120 - f**5/15 + f**4/4 - 5*f**3/6 - 4*f**2. Determine s(-5).
-10
Let c be 3/4 + 9/4. Let q(u) = -u**2 + 7*u - 4. What is q(c)?
8
Let q(t) = -2*t**3 + 5*t**2 - 7*t + 12. Let y(u) = 3*u**3 - 7*u**2 + 10*u - 18. Let b(j) = -8*q(j) - 5*y(j). Determine b(4).
2
Let r = 25 - 37.